54. List the prime factors of 102/9 + q/(-6).
11
Let l(x) = x**3 + 6*x**2 + 6*x + 6. Let t be l(-5). Let g be (t*(-8)/2)/(-2). Suppose 0 = q + 3*o - 19, 0*q - 5*q + 27 = -g*o. What are the prime factors of q?
7
Suppose -2*m = f - 19, m + 49 = -f + 5*f. What are the prime factors of f?
13
Let x = -31 - -11. Let a = 112 - 79. Let p = a + x. List the prime factors of p.
13
Let o(d) = d**3 + 4*d**2 + 2*d. Suppose -2*f + 0 = 6. What are the prime factors of o(f)?
3
Suppose -5*y = -2*l - l - 621, -5*y + 607 = 4*l. What are the prime factors of y?
3, 41
Let n be 5*(-1 - 7/(-5)). Suppose -n*q - q + 63 = 0. Let a = -11 + q. List the prime factors of a.
2, 5
Suppose 5*b + 0*b - 185 = 0. List the prime factors of b.
37
Let j(h) = 3*h**2 + 6*h + 2. Let f be j(5). Suppose y - k + 41 = 3*y, 4*y = 3*k + f. What are the prime factors of y?
23
Let f = 21 + -41. Let l = f - -23. What are the prime factors of l?
3
Let d(u) = u**2. Let s(x) = -x**3 + 16*x**2 - x + 8. Let m(t) = 4*d(t) - s(t). What are the prime factors of m(12)?
2
Suppose 22*m - 465 = 17*m. List the prime factors of m.
3, 31
Suppose 2*c + 2*m - 3*m = -7, 2*m = 5*c + 17. Let j(x) = x**2 + 3*x - 1. Let k be j(c). List the prime factors of 3/((-9)/15)*k.
5
Let o(q) = -3*q**3 + q. Let w be o(-1). Suppose 6 = -u - 2*d + 1, -4 = -4*u - w*d. List the prime factors of u.
3
Let c(g) = 9*g - 18. List the prime factors of c(12).
2, 3, 5
Let q = -40 - -90. Suppose 9*o - 4*o = q. What are the prime factors of o?
2, 5
Let p(j) = -j**3 + 3*j**2 + j + 3. Let b be p(3). Let v = -4 + b. List the prime factors of v.
2
Suppose 4*k - 2*y = 8*k - 62, y = 2*k - 25. List the prime factors of k.
2, 7
Let k = 1 - -4. Suppose -5*s + 2*q - 32 = -7, 0 = 5*s + k*q - 10. Let o(g) = g**3 + 5*g**2 + 2*g + 4. What are the prime factors of o(s)?
2
Let y(b) = -b - 3*b + 5 + b**3 + 6*b**2 + 3*b. What are the prime factors of y(-6)?
11
Let c be ((-7)/(-2))/((-1)/2). Let p(r) = r**3 + 6*r**2 - 7*r + 6. What are the prime factors of p(c)?
2, 3
Let q(d) = -5*d - 26. List the prime factors of q(-8).
2, 7
Let f(r) be the second derivative of r**3/6 + 9*r**2/2 - r. Let h be f(-7). Suppose -2*u + 8 = -h. What are the prime factors of u?
5
Let m(r) = r + 2. Let i be m(-2). Suppose l - 53 = 2*w - 5*w, i = -5*l + 10. List the prime factors of w.
17
Suppose 6 - 15 = -3*c. Suppose 0 = 2*q - c*q + 11. List the prime factors of q.
11
List the prime factors of (-95)/(-3) + (-14)/(-42).
2
Let v = -51 - -26. Let y(p) = 40*p**2 + 25*p + 25. Let t(f) = -5*f**2 - 3*f - 3. Let i(a) = v*t(a) - 3*y(a). List the prime factors of i(1).
5
Let b(k) = -3*k**3 - 4*k**2 - 2*k. Let y(s) = -s**2 - s. Let f be y(-2). List the prime factors of b(f).
2, 3
Let z be (-4)/12*-3 + -1. Suppose 5*v = -z*v + 175. List the prime factors of v.
5, 7
Let l(s) = -s**2 - 4*s. Let t be l(-3). Suppose t*r = 2*j + 128, -r + 4*j + 176 = 3*r. List the prime factors of r.
2, 5
Let y = 59 + -31. Suppose 7*o - 9*o = -y. What are the prime factors of o?
2, 7
Let r(u) = u + 8. Let x be r(-6). Let k be -2*-2*2/(-8). Let n = x - k. List the prime factors of n.
3
Suppose 3*d + 2*d = 225. Suppose 0 = -0*h + 3*h - d. List the prime factors of h.
3, 5
Let a be 2 + 7/(21/(-60)). Let o be (-204)/a - (-2)/3. Let w = o - 7. What are the prime factors of w?
5
Let w be ((-4)/6)/(6/(-18)). List the prime factors of 130/14 - w/7.
3
Suppose 6*y = 167 + 601. Suppose -135 = -5*g - 5*i, -3*i - y = -5*g + 23. List the prime factors of g.
29
Suppose -2*s + 154 = -70. Suppose s = 2*i - 0*i. Suppose -4*g + 0*g = -i. List the prime factors of g.
2, 7
Suppose 2 - 4 = -r. Suppose v = r*o - 12, -6 = -3*o + 2*o + v. List the prime factors of o.
2, 3
Let c(j) = -j**2 + 4*j + 8. Let q be c(7). Let d = q + 44. List the prime factors of d.
31
Let x(k) be the third derivative of -k**4/24 + k**3/2 + k**2. Let z be x(3). List the prime factors of ((-3)/(-6) - z)*4.
2
Suppose 275 = 3*y + 2*y. List the prime factors of y.
5, 11
Suppose 3*x - 3*o = 228, -2*x = -7*x + 4*o + 378. List the prime factors of x.
2, 37
Suppose 3*n + n = 8. Suppose -2*r - 2*r = -n*o - 40, 5*o - 54 = -4*r. What are the prime factors of r?
11
Suppose -2*h = 2*h + 8. Let b be (3/(-2))/((-1)/h). What are the prime factors of (-6 - -1)*b + 1?
2
Let n(t) = -t**3 - t**2 - 6*t - 4. List the prime factors of n(-3).
2
Let m = 25 - 22. Suppose -2*q + 74 = 3*t + m*q, 4*t - 64 = 2*q. What are the prime factors of t?
2, 3
Let q(f) = 14*f**2 + 2*f - 2. List the prime factors of q(-3).
2, 59
Let i(h) = -2*h - 6. Let c(z) = 2*z + 5. Let m(a) = 6*c(a) + 5*i(a). Let w be m(1). Suppose 0 = -w*j + 4*j - 20. What are the prime factors of j?
2, 5
Let p(j) = 2*j**3 + 3*j**2 + 2*j + 3. Let i be p(-2). Let q be (-784)/(-20) + 1/i. Suppose -5*s + 7 = -5*w - 53, -3*s + q = -4*w. List the prime factors of s.
3
Suppose 5*n - 2*t - 50 = 3*t, 4*n = -5*t - 5. Suppose 0 = 5*y - n, -y = i - 6. Suppose -2*q - 18 = -2*f + 34, -46 = -3*f - i*q. What are the prime factors of f?
2, 11
Suppose -2*o = o - 33. Suppose 0 = -3*j + 25 + o. What are the prime factors of j?
2, 3
Let w(c) = c - 27. Let q be w(17). Let v(g) = g**2 + 10*g + 15. List the prime factors of v(q).
3, 5
Let c(z) be the second derivative of 3/2*z**2 + 0 + 1/6*z**3 + 1/4*z**4 - 1/20*z**5 + z. What are the prime factors of c(3)?
2, 3
Suppose 14*k + 69 = 15*k. Let t = -22 + k. What are the prime factors of t?
47
Let l = 1 + 1. Suppose -42 = -2*t + l. What are the prime factors of t?
2, 11
Let g be (-47)/(-3) + 3/9. Suppose g = -5*x + y - 1, x + 13 = 5*y. Let d(v) = 2*v**2 + 2*v - 3. List the prime factors of d(x).
3
List the prime factors of 3/(-1 - (-22)/16).
2
Let p = -5 - -7. What are the prime factors of p + (-8)/(1*-2)?
2, 3
Suppose 2*f = 2*v + 82, 5*f - 130 = -4*v + 57. Suppose 0 = -2*r - r + f. What are the prime factors of r?
13
List the prime factors of 3 + -6 + 5/(10/404).
199
Suppose -6*h + 3*h = -66. What are the prime factors of h?
2, 11
Suppose 0 = 3*l - 4*z - 4, 0 = l - 0*z - 5*z + 17. What are the prime factors of l/28 - 206/(-14)?
3, 5
Let x(m) = m**3 - 4*m**2 - 4*m - 1. Let v be x(5). Let k(y) = y**3 - 6*y**2 + 5*y - 3. Let a be k(v). Let w = -8 - a. List the prime factors of w.
7
Let l = -10 + 28. Let q = l + 2. What are the prime factors of q?
2, 5
Let o be (-1 - 2/(-2)) + 37. Let n = -18 - -23. Suppose n*b - o = w, -4*w - 42 + 6 = -4*b. List the prime factors of b.
7
Let l(i) = i**2 - 12*i - 11. Let k(m) = -m - 1. Let c(q) = 4*k(q) - l(q). What are the prime factors of c(7)?
2, 7
Let f(i) = i - 2. Let t be f(7). Suppose 3*n = 6, 5*u - t*n - 30 + 10 = 0. Suppose -4*y + 2*h + 36 = 0, 2*h = -h - u. What are the prime factors of y?
2
Suppose -45 = -2*n + 75. List the prime factors of n.
2, 3, 5
Suppose 0*u - 2*u + 4 = 0. Suppose -16 + 4 = -u*d. List the prime factors of d.
2, 3
Let n(l) = -l**2 + 9*l - 11. List the prime factors of n(5).
3
Let z be 4/(-6) - 116/(-3). Suppose 5*o + 4*t + 13 - z = 0, 4*o = -t + 20. Suppose o*a - 3 = -4*u, 3*a - 6 = 2*u + 7*a. List the prime factors of u.
7
Let p = 22 + -5. Let v = -9 + p. Suppose -f = -c - 4 - v, 3*c = 5*f - 66. What are the prime factors of f?
3, 5
Let c(z) = 0*z**3 + z**3 - 7*z**2 + 4 + 2. Let h be c(7). Suppose -g + 14 = h. List the prime factors of g.
2
Let v(o) = -o**3 + 8*o**2 - 11*o. What are the prime factors of v(4)?
2, 5
Let j = 60 + 28. What are the prime factors of j/14 - 4/14?
2, 3
Suppose 2*q = -3*q. Suppose q = k + 1 - 5. Suppose 0 = -3*u - k*i + 20, 0 = 5*u - 3*i - 2*i - 10. List the prime factors of u.
2
Suppose 0 = -4*s + 152 + 32. What are the prime factors of s?
2, 23
Let b(s) = 12*s. Let w be b(-2). Let c(g) = -2*g**2 - 2*g + 5. Let j be c(4). Let y = w - j. List the prime factors of y.
11
Suppose 3*m - 5*i = -9 + 25, -16 = -2*m + 2*i. Suppose r - m = 21. List the prime factors of r.
3, 11
Let l = 216 + -153. What are the prime factors of l?
3, 7
Suppose 2 = -3*f - 7. Let p = f - -10. What are the prime factors of p?
7
Let y = 8 + -2. Suppose y + 4 = 2*o. List the prime factors of o.
5
Let l(q) be the second derivative of -q**5/120 + 11*q**4/24 - q**3/2 - q. Let z(m) be the second derivative of l(m). List the prime factors of z(8).
3
Let w(a) = 3*a - 5 + 6 - 6*a. Suppose 4*l = 3*s, 0 = -2*l + 5*l - 3*s - 3. List the prime factors of w(l)